{"id":16,"date":"2019-08-15T12:09:19","date_gmt":"2019-08-15T12:09:19","guid":{"rendered":"http:\/\/stylos.se\/?page_id=16"},"modified":"2019-08-15T12:27:29","modified_gmt":"2019-08-15T12:27:29","slug":"conway-stewart","status":"publish","type":"page","link":"https:\/\/stylos.se\/?page_id=16","title":{"rendered":"Conway Stewart"},"content":{"rendered":"\n<p><strong>Jarvis och Garner hade tidigare arbetat f\u00f6r De La Rue Company, tidens ledande brittiska reservoarpennstillverkare. P\u00e5 grundval av den erfarenhet de hade f\u00e5tt p\u00e5 De La Rue startade de tv\u00e5 sina egna f\u00f6retag och s\u00e4ljer ursprungligen font\u00e4nspennor tillverkade av andra f\u00f6retag. <\/strong><\/p>\n\n\n\n<figure class=\"wp-block-image is-resized\"><img loading=\"lazy\" src=\"http:\/\/stylos.se\/wp-content\/uploads\/2019\/08\/Conway-Stewart-Co-1024x769.jpeg\" alt=\"\" class=\"wp-image-29\" width=\"877\" height=\"658\" srcset=\"https:\/\/stylos.se\/wp-content\/uploads\/2019\/08\/Conway-Stewart-Co-1024x769.jpeg 1024w, https:\/\/stylos.se\/wp-content\/uploads\/2019\/08\/Conway-Stewart-Co-300x225.jpeg 300w, https:\/\/stylos.se\/wp-content\/uploads\/2019\/08\/Conway-Stewart-Co-768x577.jpeg 768w, https:\/\/stylos.se\/wp-content\/uploads\/2019\/08\/Conway-Stewart-Co-666x500.jpeg 666w, https:\/\/stylos.se\/wp-content\/uploads\/2019\/08\/Conway-Stewart-Co.jpeg 1266w\" sizes=\"(max-width: 877px) 100vw, 877px\" \/><\/figure>\n\n\n\n<p>Namnet &#8220;Conway Stewart&#8221; h\u00e4rstod tydligen fr\u00e5n en tidens popul\u00e4rmusikshandling. Marknaden f\u00f6r reservoarpenna i Storbritannien vid den tiden dominerades av De La Rue och det var tydligt f\u00f6r Jarvis och Garner att endast en mycket begr\u00e4nsad marknadsandel kunde uppn\u00e5s genom att \u00e5terf\u00f6rs\u00e4lja icke-m\u00e4rkta reservoarpennor. <\/p>\n\n\n\n<p>Samtidigt p\u00e5b\u00f6rjade De La Rue en betydande marknadsf\u00f6ringskampanj genom att omm\u00e4rka sina &#8220;Onoto&#8221; -produkter. Jarvis och Garner identifierade en marknadsnisch f\u00f6r attraktiva och p\u00e5litliga skrivinstrument till ett \u00f6verkomligt pris. P\u00e5 1920-talet utvecklades Conway Stewart-produktlinjen snabbt. Pennor med flera olika typer av p\u00e5fyllningsmekanismer, material och storlekar erbj\u00f6ds till salu. <\/p>\n\n\n\n<p>Aff\u00e4rsmodellen visade sig vara framg\u00e5ngsrik f\u00f6r Conway Stewart och dess marknadsandel \u00f6kade p\u00e5 bekostnad av andra etablerade tillverkare. Som ett resultat hade Conway Stewart v\u00e4xt ut sina ursprungliga lokaler och 1927 flyttade f\u00f6retaget till en st\u00f6rre anl\u00e4ggning som skulle fungera som sitt hem under de kommande tv\u00e5 decennierna.<\/p>\n","protected":false},"excerpt":{"rendered":"<p>Jarvis och Garner hade tidigare arbetat f\u00f6r De La Rue Company, tidens ledande brittiska reservoarpennstillverkare. P\u00e5 grundval av den erfarenhet &hellip; <a href=\"https:\/\/stylos.se\/?page_id=16\" class=\"more-link\"><span class=\"more-button\">Read More<span class=\"screen-reader-text\">Conway Stewart<\/span><\/span><\/a><\/p>\n","protected":false},"author":1,"featured_media":0,"parent":0,"menu_order":0,"comment_status":"closed","ping_status":"closed","template":"","meta":[],"_links":{"self":[{"href":"https:\/\/stylos.se\/index.php?rest_route=\/wp\/v2\/pages\/16"}],"collection":[{"href":"https:\/\/stylos.se\/index.php?rest_route=\/wp\/v2\/pages"}],"about":[{"href":"https:\/\/stylos.se\/index.php?rest_route=\/wp\/v2\/types\/page"}],"author":[{"embeddable":true,"href":"https:\/\/stylos.se\/index.php?rest_route=\/wp\/v2\/users\/1"}],"replies":[{"embeddable":true,"href":"https:\/\/stylos.se\/index.php?rest_route=%2Fwp%2Fv2%2Fcomments&post=16"}],"version-history":[{"count":2,"href":"https:\/\/stylos.se\/index.php?rest_route=\/wp\/v2\/pages\/16\/revisions"}],"predecessor-version":[{"id":30,"href":"https:\/\/stylos.se\/index.php?rest_route=\/wp\/v2\/pages\/16\/revisions\/30"}],"wp:attachment":[{"href":"https:\/\/stylos.se\/index.php?rest_route=%2Fwp%2Fv2%2Fmedia&parent=16"}],"curies":[{"name":"wp","href":"https:\/\/api.w.org\/{rel}","templated":true}]}}